{"id":6420,"date":"2023-03-06T14:32:54","date_gmt":"2023-03-06T13:32:54","guid":{"rendered":"https:\/\/www.minibini.at\/shop\/?post_type=product&#038;p=6420"},"modified":"2024-11-25T19:41:08","modified_gmt":"2024-11-25T18:41:08","slug":"tasche-sophie-plus","status":"publish","type":"product","link":"https:\/\/www.minibini.at\/shop\/produkt\/tasche-sophie-plus\/","title":{"rendered":"Tasche &#8222;Sophie PLUS&#8220;"},"content":{"rendered":"<p>Diese kleine Tasche ist der Hingucker, jetzt mit einem modernem Gurt gestattet! Innen ist sie mit Baumwolle gepolstert und mit einem Zippverschluss im Hauptfach gesichert. Gurt ist abnehmbar und mit einem anderen <a href=\"https:\/\/www.minibini.at\/shop\/produkt\/moderner-taschengurt\/\" target=\"_blank\" rel=\"noopener\">Gurt aus der Serie<\/a> kombinierbar.<\/p>\n<p>Gr\u00f6\u00dfe (LxHxB) : 27x22x8 cm<\/p>\n<p>Die Farben der abgebildeten Artikel k\u00f6nnen vom Original je nach Monitor und Aufl\u00f6sung abweichen, daf\u00fcr k\u00f6nnen wir keine Garantie \u00fcbernehmen.<\/p>\n<p>Wichtig: Hellere Materialien reagieren manchmal empfindlich auf Farb\u00fcbertragung, wenn sie gegen andere Textilmaterialien wie dunkle Jeans, dunklere M\u00e4ntel usw. gerieben werden \u2013 am besten sowas vermeiden \ud83d\ude09 Wir empfehlen au\u00dferdem, dass die Produkte nicht zu lange direktem Sonnenlicht ausgesezt sind.<\/p>\n","protected":false},"excerpt":{"rendered":"<ul>\n<li>Der Hingucker!<\/li>\n<li>Zippverschluss &amp; schickes Design<\/li>\n<li>Verstellbarer &amp; abnehmbarer Gurt<\/li>\n<li>28x22x8cmcm<\/li>\n<li>Fragen?\n<ul>\n<li><a href=\"mailto:kontakt@minibini.at\" target=\"_blank\" rel=\"noopener\">kontakt@minibini.at<\/a><\/li>\n<li><a href=\"https:\/\/wa.me\/436606202357\" target=\"_blank\" rel=\"noopener\">WhatsApp Direkt<\/a><\/li>\n<\/ul>\n<\/li>\n<\/ul>\n","protected":false},"featured_media":6876,"comment_status":"open","ping_status":"closed","template":"","meta":[],"product_brand":[],"product_cat":[353,38],"product_tag":[395,52,394,49,396,51,45,393,50,121],"class_list":{"0":"post-6420","1":"product","2":"type-product","3":"status-publish","4":"has-post-thumbnail","6":"product_cat-sommerkollektion","7":"product_cat-frauen-taschen-minibini","8":"product_tag-crossbodybag","9":"product_tag-damen-tasche","10":"product_tag-damentasche-mit-gurt","11":"product_tag-frauen-tasche","12":"product_tag-frauentasche","13":"product_tag-kleine-tasche","14":"product_tag-minibini","15":"product_tag-moderne-damentasche","16":"product_tag-tasche-unikat","17":"product_tag-umhaengetasche","18":"alm-qv-enable","19":"almaira-woo-hover-zoom","20":"almaira-woo-alignment-center","21":"almaira-single-product-tab-horizontal","22":"almaira-shadow-0","23":"almaira-shadow-hover-0","25":"first","26":"onbackorder","27":"shipping-taxable","28":"purchasable","29":"product-type-variable"},"jetpack_sharing_enabled":true,"_links":{"self":[{"href":"https:\/\/www.minibini.at\/shop\/wp-json\/wp\/v2\/product\/6420","targetHints":{"allow":["GET"]}}],"collection":[{"href":"https:\/\/www.minibini.at\/shop\/wp-json\/wp\/v2\/product"}],"about":[{"href":"https:\/\/www.minibini.at\/shop\/wp-json\/wp\/v2\/types\/product"}],"replies":[{"embeddable":true,"href":"https:\/\/www.minibini.at\/shop\/wp-json\/wp\/v2\/comments?post=6420"}],"wp:featuredmedia":[{"embeddable":true,"href":"https:\/\/www.minibini.at\/shop\/wp-json\/wp\/v2\/media\/6876"}],"wp:attachment":[{"href":"https:\/\/www.minibini.at\/shop\/wp-json\/wp\/v2\/media?parent=6420"}],"wp:term":[{"taxonomy":"product_brand","embeddable":true,"href":"https:\/\/www.minibini.at\/shop\/wp-json\/wp\/v2\/product_brand?post=6420"},{"taxonomy":"product_cat","embeddable":true,"href":"https:\/\/www.minibini.at\/shop\/wp-json\/wp\/v2\/product_cat?post=6420"},{"taxonomy":"product_tag","embeddable":true,"href":"https:\/\/www.minibini.at\/shop\/wp-json\/wp\/v2\/product_tag?post=6420"}],"curies":[{"name":"wp","href":"https:\/\/api.w.org\/{rel}","templated":true}]}}