{"id":4789,"date":"2021-06-24T11:37:56","date_gmt":"2021-06-24T09:37:56","guid":{"rendered":"https:\/\/www.minibini.at\/shop\/?post_type=product&#038;p=4789"},"modified":"2025-04-26T17:53:07","modified_gmt":"2025-04-26T15:53:07","slug":"herren-schuerze","status":"publish","type":"product","link":"https:\/\/www.minibini.at\/shop\/produkt\/herren-schuerze\/","title":{"rendered":"Herren Sch\u00fcrze"},"content":{"rendered":"<p>Eine hochwertige Herren K\u00fcchensch\u00fcrze, die im Sommer zum Grillen einl\u00e4dt, ist das perfekte Geschenk f\u00fcr dein Partner oder Freund.<br \/>\nSie ist aus kompaktem Jeansstoff mit Textilleder-Accessoires angefertigt und sehr pflegeleicht.<br \/>\nDurch den verstellbaren Riemen ist die Sch\u00fcrze f\u00fcr jeden K\u00f6rpertyp geeignet und wir haben eine praktische Tasche auf der Vorderseite hinzugef\u00fcgt.<br \/>\nAu\u00dferdem legen wir der Sch\u00fcrze kostenlos ein MiniBini-K\u00fcchentuch bei.<\/p>\n","protected":false},"excerpt":{"rendered":"<ul>\n<li>Perfektes hochwertiges M\u00e4nner-Geschenk<\/li>\n<li>Jeansstoff mit Textilleder-Accessoires<\/li>\n<li>Universale Gr\u00f6\u00dfe\u00a0 &amp; verstellbare Riemen<\/li>\n<li>Tasche vorne &amp; K\u00fcchentuch GRATIS dazu<\/li>\n<li>Fragen? <a href=\"mailto:kontakt@minibini.at\" target=\"_blank\" rel=\"noopener\">kontakt@minibini.at<\/a><\/li>\n<\/ul>\n","protected":false},"featured_media":4791,"comment_status":"open","ping_status":"closed","template":"","meta":[],"product_brand":[],"product_cat":[114],"product_tag":[233,234,232,231],"class_list":{"0":"post-4789","1":"product","2":"type-product","3":"status-publish","4":"has-post-thumbnail","6":"product_cat-not-published","7":"product_tag-kuechenschuerze","8":"product_tag-maenner-geschenk","9":"product_tag-maenner-schuerze","10":"product_tag-schuerze","11":"alm-qv-enable","12":"almaira-woo-hover-zoom","13":"almaira-woo-alignment-center","14":"almaira-single-product-tab-horizontal","15":"almaira-shadow-0","16":"almaira-shadow-hover-0","18":"first","19":"onbackorder","20":"shipping-taxable","21":"purchasable","22":"product-type-simple"},"jetpack_sharing_enabled":true,"_links":{"self":[{"href":"https:\/\/www.minibini.at\/shop\/wp-json\/wp\/v2\/product\/4789","targetHints":{"allow":["GET"]}}],"collection":[{"href":"https:\/\/www.minibini.at\/shop\/wp-json\/wp\/v2\/product"}],"about":[{"href":"https:\/\/www.minibini.at\/shop\/wp-json\/wp\/v2\/types\/product"}],"replies":[{"embeddable":true,"href":"https:\/\/www.minibini.at\/shop\/wp-json\/wp\/v2\/comments?post=4789"}],"wp:featuredmedia":[{"embeddable":true,"href":"https:\/\/www.minibini.at\/shop\/wp-json\/wp\/v2\/media\/4791"}],"wp:attachment":[{"href":"https:\/\/www.minibini.at\/shop\/wp-json\/wp\/v2\/media?parent=4789"}],"wp:term":[{"taxonomy":"product_brand","embeddable":true,"href":"https:\/\/www.minibini.at\/shop\/wp-json\/wp\/v2\/product_brand?post=4789"},{"taxonomy":"product_cat","embeddable":true,"href":"https:\/\/www.minibini.at\/shop\/wp-json\/wp\/v2\/product_cat?post=4789"},{"taxonomy":"product_tag","embeddable":true,"href":"https:\/\/www.minibini.at\/shop\/wp-json\/wp\/v2\/product_tag?post=4789"}],"curies":[{"name":"wp","href":"https:\/\/api.w.org\/{rel}","templated":true}]}}