{"id":47,"date":"2020-01-10T12:51:17","date_gmt":"2020-01-10T11:51:17","guid":{"rendered":"https:\/\/www.minibini.at\/shop\/?post_type=product&#038;p=47"},"modified":"2025-04-09T17:07:10","modified_gmt":"2025-04-09T15:07:10","slug":"rucksack-mondschein","status":"publish","type":"product","link":"https:\/\/www.minibini.at\/shop\/produkt\/rucksack-mondschein\/","title":{"rendered":"&#8222;Mondschein&#8220; Rucks\u00e4cke"},"content":{"rendered":"<p>Dieser Frauen Rucksack bietet besonders viel Platz und ist ideal f\u00fcr den Alltag, St\u00e4dtetrips oder besondere Anl\u00e4sse!<\/p>\n<p>Er besteht aus Kunstleder, ist innen mit Baumwolle gepolstert und mit einem Zippverschluss im Hauptfach und auf der Seite gesichert. Innen sind zwei kleine Taschen,\u00a0 seitlich eine kleine Tasche f\u00fcrs Handy und und vorne eine Tasche mit Zippverschluss. Schultergurte sind besonders tragf\u00e4hig und l\u00e4ngenverstellbar.<br \/>\nGr\u00f6\u00dfe: 35x28cm<\/p>\n<p>Die Farben der abgebildeten Artikel k\u00f6nnen vom Original je nach Monitor und Aufl\u00f6sung abweichen, daf\u00fcr k\u00f6nnen wir keine Garantie \u00fcbernehmen.<\/p>\n<p>Wichtig: Hellere Materialien reagieren manchmal empfindlich auf Farb\u00fcbertragung, wenn sie gegen andere Textilmaterialien wie dunkle Jeans, dunklere M\u00e4ntel usw. gerieben werden \u2013 am besten sowas vermeiden \ud83d\ude09 Wir empfehlen au\u00dferdem, dass die Produkte nicht zu lange direktem Sonnenlicht ausgesezt sind.<\/p>\n<p><img loading=\"lazy\" decoding=\"async\" class=\"aligncenter wp-image-626 size-thumbnail\" src=\"https:\/\/www.minibini.at\/shop\/wp-content\/uploads\/2020\/01\/Rucksack-Mond_2-Innen-150x150.jpg\" alt=\"Rucksack Mondschein innen\" width=\"150\" height=\"150\" srcset=\"https:\/\/www.minibini.at\/shop\/wp-content\/uploads\/2020\/01\/Rucksack-Mond_2-Innen-150x150.jpg 150w, https:\/\/www.minibini.at\/shop\/wp-content\/uploads\/2020\/01\/Rucksack-Mond_2-Innen-340x340.jpg 340w, https:\/\/www.minibini.at\/shop\/wp-content\/uploads\/2020\/01\/Rucksack-Mond_2-Innen-100x100.jpg 100w, https:\/\/www.minibini.at\/shop\/wp-content\/uploads\/2020\/01\/Rucksack-Mond_2-Innen-600x600.jpg 600w, https:\/\/www.minibini.at\/shop\/wp-content\/uploads\/2020\/01\/Rucksack-Mond_2-Innen-300x300.jpg 300w, https:\/\/www.minibini.at\/shop\/wp-content\/uploads\/2020\/01\/Rucksack-Mond_2-Innen.jpg 718w\" sizes=\"auto, (max-width: 150px) 100vw, 150px\" \/><br \/>\n<img loading=\"lazy\" decoding=\"async\" class=\"wp-image-154 size-thumbnail aligncenter\" src=\"https:\/\/www.minibini.at\/shop\/wp-content\/uploads\/2020\/01\/Rucksack-Mond_5_Seite-1-150x150.jpg\" alt=\"Rucksack Mondschein grau silber schwarz r\u00fccken\" width=\"150\" height=\"150\" srcset=\"https:\/\/www.minibini.at\/shop\/wp-content\/uploads\/2020\/01\/Rucksack-Mond_5_Seite-1-150x150.jpg 150w, https:\/\/www.minibini.at\/shop\/wp-content\/uploads\/2020\/01\/Rucksack-Mond_5_Seite-1-340x340.jpg 340w, https:\/\/www.minibini.at\/shop\/wp-content\/uploads\/2020\/01\/Rucksack-Mond_5_Seite-1-100x100.jpg 100w, https:\/\/www.minibini.at\/shop\/wp-content\/uploads\/2020\/01\/Rucksack-Mond_5_Seite-1-300x300.jpg 300w, https:\/\/www.minibini.at\/shop\/wp-content\/uploads\/2020\/01\/Rucksack-Mond_5_Seite-1.jpg 456w\" sizes=\"auto, (max-width: 150px) 100vw, 150px\" \/><\/p>\n<p><img loading=\"lazy\" decoding=\"async\" class=\"aligncenter wp-image-149 size-thumbnail\" src=\"https:\/\/www.minibini.at\/shop\/wp-content\/uploads\/2020\/01\/Rucksack-Mond_2-Seite-1-150x150.jpg\" alt=\"Rucksack Mondschein schwarz seite\" width=\"150\" height=\"150\" srcset=\"https:\/\/www.minibini.at\/shop\/wp-content\/uploads\/2020\/01\/Rucksack-Mond_2-Seite-1-150x150.jpg 150w, https:\/\/www.minibini.at\/shop\/wp-content\/uploads\/2020\/01\/Rucksack-Mond_2-Seite-1-340x340.jpg 340w, https:\/\/www.minibini.at\/shop\/wp-content\/uploads\/2020\/01\/Rucksack-Mond_2-Seite-1-100x100.jpg 100w, https:\/\/www.minibini.at\/shop\/wp-content\/uploads\/2020\/01\/Rucksack-Mond_2-Seite-1-300x300.jpg 300w, https:\/\/www.minibini.at\/shop\/wp-content\/uploads\/2020\/01\/Rucksack-Mond_2-Seite-1.jpg 473w\" sizes=\"auto, (max-width: 150px) 100vw, 150px\" \/><\/p>\n<p>&nbsp;<\/p>\n","protected":false},"excerpt":{"rendered":"<ul>\n<li>Schickes Design &amp; viel Innenraum<\/li>\n<li>Wird als Mama-Rucksack verwendet<\/li>\n<li>Zippverschluss oben &amp; vorne<\/li>\n<li>35x28cm<\/li>\n<li>Schultergurte besonders tragf\u00e4hig &amp; l\u00e4ngenverstellbar<\/li>\n<li>Die Farben k\u00f6nnen nach Deinem Wunsch angefertigt werden\n<ul>\n<li><a href=\"https:\/\/wa.me\/436606202357\" target=\"_blank\" rel=\"noopener\">WhatsApp 06606202357<\/a><\/li>\n<li><a href=\"mailto:kontakt@minibini.at\" target=\"_blank\" rel=\"noopener\">kontakt@minibini.at<\/a><\/li>\n<\/ul>\n<\/li>\n<\/ul>\n","protected":false},"featured_media":7370,"comment_status":"open","ping_status":"closed","template":"","meta":[],"product_brand":[],"product_cat":[503,37],"product_tag":[30,28,33],"class_list":{"0":"post-47","1":"product","2":"type-product","3":"status-publish","4":"has-post-thumbnail","6":"product_cat-herbst-winter-minibini-kollektion","7":"product_cat-rucksack-minibini-damen-kinder","8":"product_tag-frauen-rucksack","9":"product_tag-rucksack","10":"product_tag-unikat-rucksack","11":"product_shipping_class-gratisversand","12":"alm-qv-enable","13":"almaira-woo-hover-zoom","14":"almaira-woo-alignment-center","15":"almaira-single-product-tab-horizontal","16":"almaira-shadow-0","17":"almaira-shadow-hover-0","19":"first","20":"instock","21":"shipping-taxable","22":"purchasable","23":"product-type-variable"},"jetpack_sharing_enabled":true,"_links":{"self":[{"href":"https:\/\/www.minibini.at\/shop\/wp-json\/wp\/v2\/product\/47","targetHints":{"allow":["GET"]}}],"collection":[{"href":"https:\/\/www.minibini.at\/shop\/wp-json\/wp\/v2\/product"}],"about":[{"href":"https:\/\/www.minibini.at\/shop\/wp-json\/wp\/v2\/types\/product"}],"replies":[{"embeddable":true,"href":"https:\/\/www.minibini.at\/shop\/wp-json\/wp\/v2\/comments?post=47"}],"wp:featuredmedia":[{"embeddable":true,"href":"https:\/\/www.minibini.at\/shop\/wp-json\/wp\/v2\/media\/7370"}],"wp:attachment":[{"href":"https:\/\/www.minibini.at\/shop\/wp-json\/wp\/v2\/media?parent=47"}],"wp:term":[{"taxonomy":"product_brand","embeddable":true,"href":"https:\/\/www.minibini.at\/shop\/wp-json\/wp\/v2\/product_brand?post=47"},{"taxonomy":"product_cat","embeddable":true,"href":"https:\/\/www.minibini.at\/shop\/wp-json\/wp\/v2\/product_cat?post=47"},{"taxonomy":"product_tag","embeddable":true,"href":"https:\/\/www.minibini.at\/shop\/wp-json\/wp\/v2\/product_tag?post=47"}],"curies":[{"name":"wp","href":"https:\/\/api.w.org\/{rel}","templated":true}]}}