{"id":352,"date":"2020-01-18T21:12:21","date_gmt":"2020-01-18T20:12:21","guid":{"rendered":"https:\/\/www.minibini.at\/shop\/?post_type=product&#038;p=352"},"modified":"2024-10-13T10:19:36","modified_gmt":"2024-10-13T08:19:36","slug":"frauen-tasche-sophie","status":"publish","type":"product","link":"https:\/\/www.minibini.at\/shop\/produkt\/frauen-tasche-sophie\/","title":{"rendered":"Taschen &#8222;Sophie&#8220;"},"content":{"rendered":"<p>Diese kleine Tasche ist der Hingucker, besonders am Wochenende! Innen ist sie mit Baumwolle gepolstert und mit einem Zippverschluss im Hauptfach gesichert. Innen ist auch eine kleine Tasche f\u00fcrs Handy.<\/p>\n<p>Gr\u00f6\u00dfe (LxH) : 28x20cm<\/p>\n<p>Die Farben der abgebildeten Artikel k\u00f6nnen vom Original je nach Monitor und Aufl\u00f6sung abweichen, daf\u00fcr k\u00f6nnen wir keine Garantie \u00fcbernehmen.<\/p>\n<p>Wichtig: Hellere Materialien reagieren manchmal empfindlich auf Farb\u00fcbertragung, wenn sie gegen andere Textilmaterialien wie dunkle Jeans, dunklere M\u00e4ntel usw. gerieben werden \u2013 am besten sowas vermeiden \ud83d\ude09 Wir empfehlen au\u00dferdem, dass die Produkte nicht zu lange direktem Sonnenlicht ausgesezt sind.<\/p>\n","protected":false},"excerpt":{"rendered":"<ul>\n<li>Der Hingucker!<\/li>\n<li>Zippverschluss &amp; schickes Design<\/li>\n<li>Verstellbarer Gurt<\/li>\n<li>Viele Farben &amp; Muster<\/li>\n<li>28x20cm<\/li>\n<li>Fragen? <a href=\"mailto:kontakt@minibini.at\" target=\"_blank\" rel=\"noopener\">kontakt@minibini.at<\/a><\/li>\n<\/ul>\n","protected":false},"featured_media":4086,"comment_status":"open","ping_status":"closed","template":"","meta":[],"product_brand":[],"product_cat":[38],"product_tag":[52,49,51,45,50],"class_list":{"0":"post-352","1":"product","2":"type-product","3":"status-publish","4":"has-post-thumbnail","6":"product_cat-frauen-taschen-minibini","7":"product_tag-damen-tasche","8":"product_tag-frauen-tasche","9":"product_tag-kleine-tasche","10":"product_tag-minibini","11":"product_tag-tasche-unikat","12":"alm-qv-enable","13":"almaira-woo-hover-zoom","14":"almaira-woo-alignment-center","15":"almaira-single-product-tab-horizontal","16":"almaira-shadow-0","17":"almaira-shadow-hover-0","19":"first","20":"instock","21":"shipping-taxable","22":"purchasable","23":"product-type-variable"},"jetpack_sharing_enabled":true,"_links":{"self":[{"href":"https:\/\/www.minibini.at\/shop\/wp-json\/wp\/v2\/product\/352","targetHints":{"allow":["GET"]}}],"collection":[{"href":"https:\/\/www.minibini.at\/shop\/wp-json\/wp\/v2\/product"}],"about":[{"href":"https:\/\/www.minibini.at\/shop\/wp-json\/wp\/v2\/types\/product"}],"replies":[{"embeddable":true,"href":"https:\/\/www.minibini.at\/shop\/wp-json\/wp\/v2\/comments?post=352"}],"wp:featuredmedia":[{"embeddable":true,"href":"https:\/\/www.minibini.at\/shop\/wp-json\/wp\/v2\/media\/4086"}],"wp:attachment":[{"href":"https:\/\/www.minibini.at\/shop\/wp-json\/wp\/v2\/media?parent=352"}],"wp:term":[{"taxonomy":"product_brand","embeddable":true,"href":"https:\/\/www.minibini.at\/shop\/wp-json\/wp\/v2\/product_brand?post=352"},{"taxonomy":"product_cat","embeddable":true,"href":"https:\/\/www.minibini.at\/shop\/wp-json\/wp\/v2\/product_cat?post=352"},{"taxonomy":"product_tag","embeddable":true,"href":"https:\/\/www.minibini.at\/shop\/wp-json\/wp\/v2\/product_tag?post=352"}],"curies":[{"name":"wp","href":"https:\/\/api.w.org\/{rel}","templated":true}]}}