{"id":2818,"date":"2020-05-29T12:55:46","date_gmt":"2020-05-29T10:55:46","guid":{"rendered":"https:\/\/www.minibini.at\/shop\/?post_type=product&#038;p=2818"},"modified":"2023-10-28T13:43:12","modified_gmt":"2023-10-28T11:43:12","slug":"kosmetiktasche-lili","status":"publish","type":"product","link":"https:\/\/www.minibini.at\/shop\/produkt\/kosmetiktasche-lili\/","title":{"rendered":"Kosmetiktasche &#8222;Lili&#8220;"},"content":{"rendered":"<p>Diese mittelgro\u00dfe (Kosmetik)Tasche kann auch als kleine tasche f\u00fcr Unterwegs verwendet werden. Sie eignet sich au\u00dferdem auch als T\u00e4schchen f\u00fcr Reisepass und Geld (zB auf Reisen). Die mittelgro\u00dfe Tasche ist ein sch\u00f6nes Accessoire, passend zu deiner <a href=\"https:\/\/www.minibini.at\/shop\/produkt\/tasche-anna\/\" target=\"_blank\" rel=\"noopener noreferrer\">Minibini Tasche<\/a> oder zu deinem <a href=\"https:\/\/www.minibini.at\/shop\/produkt\/rucksack-stylish\/\" target=\"_blank\" rel=\"noopener noreferrer\">Minibini Rucksack<\/a>.<\/p>\n<p>Gr\u00f6\u00dfe: 18x23cm<\/p>\n","protected":false},"excerpt":{"rendered":"<ul>\n<li>Praktische Gr\u00f6\u00dfe<\/li>\n<li>Sch\u00f6nes Geschenk<\/li>\n<li>18x23cm<\/li>\n<li>Fragen -&gt; <a href=\"mailto:kontakt@minibini.at\" target=\"_blank\" rel=\"noopener\">kontakt@minibini.at<\/a><\/li>\n<\/ul>\n","protected":false},"featured_media":5298,"comment_status":"open","ping_status":"closed","template":"","meta":[],"product_brand":[],"product_cat":[114],"product_tag":[93,94,51,91],"class_list":{"0":"post-2818","1":"product","2":"type-product","3":"status-publish","4":"has-post-thumbnail","6":"product_cat-not-published","7":"product_tag-accessoire","8":"product_tag-dokumenten-tasche","9":"product_tag-kleine-tasche","10":"product_tag-kosmetiktasche","11":"alm-qv-enable","12":"almaira-woo-hover-zoom","13":"almaira-woo-alignment-center","14":"almaira-single-product-tab-horizontal","15":"almaira-shadow-0","16":"almaira-shadow-hover-0","18":"first","19":"instock","20":"shipping-taxable","21":"purchasable","22":"product-type-variable"},"jetpack_sharing_enabled":true,"_links":{"self":[{"href":"https:\/\/www.minibini.at\/shop\/wp-json\/wp\/v2\/product\/2818","targetHints":{"allow":["GET"]}}],"collection":[{"href":"https:\/\/www.minibini.at\/shop\/wp-json\/wp\/v2\/product"}],"about":[{"href":"https:\/\/www.minibini.at\/shop\/wp-json\/wp\/v2\/types\/product"}],"replies":[{"embeddable":true,"href":"https:\/\/www.minibini.at\/shop\/wp-json\/wp\/v2\/comments?post=2818"}],"wp:featuredmedia":[{"embeddable":true,"href":"https:\/\/www.minibini.at\/shop\/wp-json\/wp\/v2\/media\/5298"}],"wp:attachment":[{"href":"https:\/\/www.minibini.at\/shop\/wp-json\/wp\/v2\/media?parent=2818"}],"wp:term":[{"taxonomy":"product_brand","embeddable":true,"href":"https:\/\/www.minibini.at\/shop\/wp-json\/wp\/v2\/product_brand?post=2818"},{"taxonomy":"product_cat","embeddable":true,"href":"https:\/\/www.minibini.at\/shop\/wp-json\/wp\/v2\/product_cat?post=2818"},{"taxonomy":"product_tag","embeddable":true,"href":"https:\/\/www.minibini.at\/shop\/wp-json\/wp\/v2\/product_tag?post=2818"}],"curies":[{"name":"wp","href":"https:\/\/api.w.org\/{rel}","templated":true}]}}